683 - 133 = -m. Suppose m = 8*v - 5*v. Suppose -v + 44 = -4*l. What are the prime factors of l?
3, 19
Suppose g = -2*p + 10198, 15*p - 20431 = -2*g + 18*p. List the prime factors of g.
2, 11, 29
Let f = -2417 - -8429. What are the prime factors of f?
2, 3, 167
Suppose 4*b + 4*j = -1104 + 148, -3*j - 475 = 2*b. Let y = -168 - b. What are the prime factors of y?
2, 37
Let i(a) = -a**3 - 5*a**2 - 29*a - 75. List the prime factors of i(-13).
2, 827
Let b = 48 + -46. Suppose 0 = 3*u + 15, -104 = -b*t + 2*u + 2*u. Suppose -t*o = -45*o + 132. List the prime factors of o.
2, 11
Suppose 7*p + 512 = 2*p - 2*a, -p = 5*a + 107. Let g be (-3)/(-4) - p/(-8). Let h(q) = q**2 + 6*q + 21. List the prime factors of h(g).
3, 31
Let v = -17800 - -44834. What are the prime factors of v?
2, 7, 1931
Let c = -441 - -891. Suppose 7*r - 6*r - c = 0. Let y = -253 + r. What are the prime factors of y?
197
Suppose 167 = -12*w + 47. Let p = w - -10. Suppose -2*x = -p*x - 306. List the prime factors of x.
3, 17
Suppose q + 4 = 12. What are the prime factors of 251 - (q/10 - 126/45)?
11, 23
Suppose -2*x + 3076 = 5*l, -2*l - x = 2*l - 2462. Suppose -5*u - 4*v + 1177 = 410, 4*u + 2*v - l = 0. What are the prime factors of (7 - 5) + u + -1?
2, 3, 13
What are the prime factors of 492/(-861) - (50109/21*-11 - 2)?
26249
Suppose 5*d = 1 + 14. Let b be ((-11 - -5) + 3)*-1. Suppose 83 + 172 = 3*a + b*z, -3*z = -d*a + 279. What are the prime factors of a?
89
Suppose -23*x + 21*x + 382 = 0. Suppose 3*s + x + 49 = 0. Let p = -61 - s. What are the prime factors of p?
19
Let q(x) be the third derivative of -x**6/60 - x**5/4 + x**4/3 - x**3/3 - 5*x**2. Let p be q(-8). List the prime factors of 94 + -1 + p - (5 + -5).
7, 13
Let h be -5 + -7 + 8 - -244. Suppose 6 = 4*d - s, 2 = d + d - s. Suppose -d*t = -h + 2. List the prime factors of t.
7, 17
Suppose -5*s - 4*i + 65139 = 17745, -2*s - 4*i = -18960. List the prime factors of s.
2, 7, 677
Let t(n) = -9*n + 4. Let s = 58 - 60. Let m be (-2)/s - (10 + -7). List the prime factors of t(m).
2, 11
Suppose 4*c - 27 = 3*y, -c - y + 4 = 2*c. Suppose 771 - 56 = c*r - 2*f, 5*r - 2*f = 1189. What are the prime factors of r?
3, 79
Let l = -110 - -112. List the prime factors of (-95 + -2135)/(l + 0 + -4).
5, 223
What are the prime factors of ((-21)/(-49) + 74/(-42))/((-8)/42708)?
2, 3559
Let q(b) = -561*b + 4434. What are the prime factors of q(-22)?
2, 3, 233
Suppose -5*t + 113 = -3*f, -f - 5 = -4. Suppose 22308 = t*s - 9*s. What are the prime factors of s?
2, 3, 11, 13
Let h be (-15)/3*1/((-10)/14). Let l(d) = 1. Let g(m) = m + 3. Let s(u) = 3*g(u) - 7*l(u). List the prime factors of s(h).
23
Let y = -12853 + 39943. What are the prime factors of y?
2, 3, 5, 7, 43
Let f(o) = -3127*o + 1338. What are the prime factors of f(-10)?
2, 1019
Let t(b) = -2388*b + 17525. List the prime factors of t(-28).
84389
Suppose -8*k = -17*k + 7*k. Suppose -2*v + 6*v - 2084 = k. List the prime factors of v.
521
Let t(x) = 26*x**2 + 19*x - 32. Let q(h) = 48*h**2 + 37*h - 63. Let b(u) = 3*q(u) - 5*t(u). List the prime factors of b(-9).
31
Let a be (-2)/(-3)*(-4122)/60*-5. Suppose 0 = -2*b - i + 436, i + a = b - 4*i. List the prime factors of b.
3, 73
Suppose 3*h - 2 = -r + 27, -5*h = 4*r - 53. Suppose f - h = -x, 4 = -3*f - f. What are the prime factors of 7/(-5)*-143 + (-2)/x?
2, 5
Suppose -6913 = -m + 4*n, m = -28*n + 23*n + 6949. List the prime factors of m.
13, 41
Let n = -112 - -162. What are the prime factors of 3 + n*426/12?
2, 7, 127
Let f(l) = 100*l**2 + 84*l - 209. What are the prime factors of f(8)?
6863
Let q be (-1)/(6/20)*(-252)/(-210). List the prime factors of (-1577)/q + (-8 - (-248)/32).
2, 197
Suppose -112411 = -32*r - 10106 - 11297. List the prime factors of r.
2, 3, 79
Suppose -3*x + 22379 = -2*b, 39*b - 42*b = -2*x + 14916. What are the prime factors of x?
3, 829
Let l(d) = -4*d - 2*d**2 - 2*d - 49 + 40 - d**3. Let q be l(-8). Suppose -249 = -3*x + 3*m, -5*x + 7*m = 4*m - q. What are the prime factors of x?
3, 29
Let q = -107 - -109. Suppose 3*z + q*p - 1201 = -3*p, 2 = p. What are the prime factors of z?
397
Suppose 4*r = -2*d + 20176, 8*r + 3 = 5*r. What are the prime factors of d?
2, 5, 1009
Let l = 13046 - -22243. What are the prime factors of l?
3, 1307
Let f = 13020 + 22120. List the prime factors of f.
2, 5, 7, 251
Suppose 10*o = 9*o. Let v be (o - 7)*(-83 - (-2 + 2)). Suppose 750 = 11*p - v. What are the prime factors of p?
11
Suppose -4*f - 5557 = 5*a, 3*f + 1115 = -a + f. Let w = a - -1811. What are the prime factors of w?
2, 3, 13
Let l = -1 - -3. Suppose 0 = 3*h - 2*p - 15, -28*h + 5 = -27*h + 3*p. Suppose -l*s = -h*s + 24. What are the prime factors of s?
2
Suppose 0 = -a - 33*d + 35*d + 21035, -4*d + 63055 = 3*a. List the prime factors of a.
5, 29
Let y = 124 + -123. List the prime factors of y/4 - (-10104)/32.
2, 79
Suppose 71*x + 5005 - 33973 = 0. List the prime factors of x.
2, 3, 17
Suppose -29*l + 0*l = -87. Suppose -l*j = 4*x - j - 770, 4*x = 4*j + 776. What are the prime factors of x?
193
Suppose 4*o + 2*q = -34, 3*q - 4 = -4*o - 35. Let h(m) = -8*m - 34. Let j be h(o). Suppose -2*x = -240 - j. List the prime factors of x.
11, 13
Suppose -6*o + 17 = -253. Suppose -3*f + o = 3*g, -5*g + 53 = -g - 3*f. List the prime factors of g.
2, 7
Let f(r) = 19*r + 5*r**2 - 196 + 174 - 6*r**2. Let u be f(18). What are the prime factors of 2/(-2)*u + 22?
2, 13
Suppose 33*s - 111*s = -334620. What are the prime factors of s?
2, 3, 5, 11, 13
Suppose -5*w = 3*r - 10, 3*w + 3*r - 7*r = 35. Suppose -4*q = -3*l - 1388, l + 716 = 2*q + w*l. Suppose -637 = -7*x + q. What are the prime factors of x?
3, 47
Suppose 593022 = 33*s + 107724. List the prime factors of s.
2, 3, 19, 43
Let k be (3 + (-60)/8)/((-3)/6). Suppose -k*d + 20188 = 19*d. What are the prime factors of d?
7, 103
Let n(p) be the first derivative of -2*p**4 + p**3/3 + p**2/2 + 3*p - 354. Let f(s) = -3*s**2 + s. Let w be f(1). List the prime factors of n(w).
3, 23
Let r(s) = 3*s**2 - 8*s + 11. Let d be r(12). Suppose 2*a + 1 = -w + 333, -w - 5*a + d = 0. List the prime factors of w.
2, 7, 23
Suppose -3*s - 1579 = -5722. What are the prime factors of s?
1381
Let g = 52 - 48. Suppose 0 = -2*u - 4*v + 274, 339 = g*u + 2*v - 179. Let i = u - 83. What are the prime factors of i?
2, 11
What are the prime factors of (-284)/(-710) - (-16113)/5?
11, 293
Let h = -82 - -14. Let p = 71 + h. Suppose -279 = -p*r + 105. What are the prime factors of r?
2
Suppose -16 = 36*n - 40*n. Suppose n*i - 297 = 4*w - w, -5*i + 415 = 5*w. List the prime factors of i.
2, 3, 13
Let y be (-60)/25 + 2 - 3/5. What are the prime factors of ((-26477)/116)/((1/4)/y)?
11, 83
Let m be (-5 - 13)/(-4 - -2). List the prime factors of -3*1707/m*(5 - 6).
569
Suppose 0 = m + 2, 3*m - 14 = -4*o - 4. Suppose -2*d + o*d - 66 = 0. Suppose -20 - d = -p. List the prime factors of p.
53
Suppose -4*g - 3*o + 27 = 0, 0 = 5*g - o - 0*o - 10. Let w be (3/(-9))/(0 - 1/g). List the prime factors of w/((-198)/(-388) - 1/2).
97
Let q be (-40)/140 + 1647/7. Suppose -4*t + q = t. Suppose -5*g - t = -3*p - 6*g, 2*g + 66 = 4*p. List the prime factors of p.
2
Let v be 3*(10/6 + (2 - 1)). Let h be (-15)/3*v/4. List the prime factors of 6/h + 19/((-285)/(-414)).
3
Let u(a) = 4*a**2 - 101*a - 114. What are the prime factors of u(36)?
2, 3, 239
Let y = 95 + -91. Suppose 2*h + 846 = 5*g + h, -2*h = y*g - 688. Suppose o = 3*o - g. List the prime factors of o.
5, 17
Suppose p - 3 = 4*g - 5*g, 0 = 5*p + 4*g - 17. Suppose 380 = p*n - 3*n. What are the prime factors of n?
2, 5, 19
Suppose -3*j + 95 = -4*n - 76, -5*n = 5*j - 285. Let m = j + -47. Suppose 2*u - h - 109 = 0, 0 = 4*h - 6*h - m. What are the prime factors of u?
2, 13
Let f be 34/(-17)*5/(-2). Let w(i) = 16*i + 38. What are the prime factors of w(f)?
2, 59
Let f(l) = -238*l**3 + 15*l**2 + 213*l + 1321. List the prime factors of f(-6).
51991
Suppose 0 = -5*u - 15, b - 60*u + 55*u = 16653. What are the prime factors of b?
2, 3, 47, 59
Let k = 753 - 750. Suppose 4*r - 4*m = -8*m + 2380, 5*m = k*r - 1769. What are the prime factors of r?
593
Let n be (-7 - -16)*(0 + 1). List the prime factors of (-7 + n - 328)/((-2)/3).
3, 163
Let t(l) = -4*l - 9. Let g be t(8). Let x = -33 - g. Suppose d - 10 = x. Lis